u. Let w = u - -972. What is the hundreds digit of w?
4
What is the tens digit of (-7)/(294/(-12)) - 575170/(-70)?
1
Let t(d) = -7*d - 22 + 4*d + 8*d. Let v be t(5). Suppose v*l = 7*l - 288. What is the tens digit of l?
7
Suppose 404770 = -24*t + 29*t + 5*w, -4*t - w + 323801 = 0. What is the hundreds digit of t?
9
Let g = -47 - -50. Suppose 803 - g = 5*r + 2*k, r - 160 = -2*k. Suppose -5*u = -r - 135. What is the tens digit of u?
5
Let r = -1876 + 2913. What is the units digit of r/14 + 13/(-182)?
4
Let d be 1/(-4)*6*-2. Let y be (-2 - (-195)/27) + 14/(-63). Suppose 0 = -d*z - y*r + 74, -5*z + z + 2*r + 64 = 0. What is the tens digit of z?
1
What is the ten thousands digit of 370860/14 + (126/(-6))/(-3)?
2
Let y(r) = 57 + 20 + 58 - 25 + 4*r. What is the units digit of y(14)?
6
Let t be 4/(-8) + 306/(-4). Let a be 0 + -1 + 2 + t. Let y = 146 + a. What is the tens digit of y?
7
Let k(n) = -n**2 - 7*n + 11. Let s be k(-8). Let d be 1*(-60)/(-8)*2/5. Suppose 0 = s*v + d, y = -v + 63 + 25. What is the units digit of y?
9
What is the units digit of (-70)/105 - (-26151)/9?
5
Suppose -3*a = -30*t + 32*t - 4971, 0 = 5*t + 5*a - 12420. Suppose 3*x + t = 4*y + 4*x, y - 619 = x. What is the hundreds digit of y?
6
Suppose 69 = -2*j + 79. Suppose j*p - 5*o - 2895 - 1060 = 0, -789 = -p + 2*o. What is the tens digit of p?
9
What is the hundreds digit of (-11 - 2) + -3 + 10 + 816?
8
Suppose -h + 0*h - 3*d = 30, 0 = -5*h + d - 214. What is the hundreds digit of 1*h/(-4)*(-616)/(-12)?
5
Let g(z) be the second derivative of -z**5/20 + z**4/3 + z**3/3 + 2*z. Let w be g(4). Let m(h) = 9*h - 25. What is the tens digit of m(w)?
4
Let x = 248 + -113. Let k = x + -149. What is the tens digit of (k/28)/((-1)/518)?
5
Let x(l) = -19*l + 117. Let h be x(6). What is the hundreds digit of ((-283)/(-4))/(2/(h + 5))?
2
Let q(m) = -5*m - 12. Let c(f) = f - 1. Let o(g) = -4*c(g) - q(g). Let n be o(-18). What is the units digit of 88 + 1 + (0 - n)?
1
Suppose 35253 = i + 3*k, 0 = 5*i + 118*k - 116*k - 176356. What is the ten thousands digit of i?
3
Let b = 87 + 214. Let p(u) = -u**3 + 16*u**2 - 13*u - 15. Let r be p(10). Let m = r - b. What is the tens digit of m?
5
Suppose -q + k - 262 = 0, -q + 2*k - 5*k = 278. Let c = 224 - q. What is the hundreds digit of c?
4
Let u(v) = -v**2 - 11*v + 3. Let d(h) = h**3 - 2*h**2 - 8*h - 4. Let y be d(5). Let s = y - 39. What is the tens digit of u(s)?
2
Suppose 0 = 2*p + p - 393. Suppose 4*r - v = -2*v + p, -4*v = 2*r - 62. Suppose 37 = o - r. What is the units digit of o?
0
Let p(r) = 8829*r**2 + 19*r - 25. What is the tens digit of p(1)?
2
Suppose 2*y + r - 6524 = 0, -609 - 12433 = -4*y - r. What is the thousands digit of y?
3
Suppose 2*k + 135 = 889. What is the tens digit of -1 + k - (-1 + 2)?
7
What is the ten thousands digit of ((-560)/(-1960))/((-2)/(-266469))?
3
Let q(k) = -34*k - 17. Let d be q(-16). Let s = 1555 - d. What is the units digit of s?
8
Let h be (3/(-1) - -2)/((-2)/6). Let f(y) = -3*y**3 - 8*y**3 + y**2 + y - y**h + 3. What is the hundreds digit of f(-2)?
1
Let u(o) = -14*o**2 - 2*o + 4. Let c be u(3). Suppose -119*b + 100*b = 3838. Let i = c - b. What is the tens digit of i?
7
Let n(b) = 353*b**2 + 44*b + 241. What is the tens digit of n(-4)?
1
Suppose 59*y = 51*y - 80. What is the units digit of (-436)/y*(26 + 4)?
8
Suppose -6*s + 891 = 5*s. What is the tens digit of (-17)/(-51)*s/(-2)*-6?
8
Let q be 1/(-3) + (8200/(-12))/(-10). Suppose -2*s + q = 26. What is the units digit of s?
1
Let p(s) = -22*s + 1988. What is the units digit of p(0)?
8
Let f(y) = 13*y. Let o be f(8). Let k(d) = -30*d + 138. Let t be k(6). Let j = o + t. What is the units digit of j?
2
Suppose 663*q = 652*q + 28897. What is the units digit of q?
7
Let l be (-19 + 23)*(-1 - -239). Let d be ((-16)/(-12))/((-1)/(-6)). Suppose -l = -d*r + r. What is the hundreds digit of r?
1
Let x = -27 - -45. Suppose -40*g + x = -39*g. What is the tens digit of 10*(2/3 + 123/g)?
7
Suppose 3*h + 295 = -6*f + 2*f, -150 = 2*f + 4*h. Let z = 250 + f. What is the hundreds digit of z?
1
Let q = 76 + -138. Let x = q + 76. What is the tens digit of x?
1
Let v(w) = -20*w + 2. Let n be v(-3). Suppose -3*a = 4*b - n, -3*a - 64 = -b - 4*b. What is the hundreds digit of 100 - ((-8)/28 + (-38)/b)?
1
Let a(n) = 9*n + 3. Suppose 0 = -5*g + 4 + 151. Let x = 38 - g. What is the tens digit of a(x)?
6
Let i(s) = s + 2. Let x be 12/(-8) + (-10)/4. Let h be i(x). What is the units digit of (0 - h) + 133 + -6 + -6?
3
Suppose -32*v + 17585 = -66735. What is the tens digit of v?
3
Suppose -28*m = -35*m + 28. Let y = 1549 - 947. Suppose -4*o + 0*o = 3*p - 494, m*p = 5*o - y. What is the tens digit of o?
2
Let p = 20469 - -27784. What is the units digit of p?
3
Let t(g) = g**3 + 2*g**2 - 4*g. Let i = 102 + -105. Let s be t(i). Suppose 4*f = 4*o - 632, s*o = -0*o - 3*f + 456. What is the tens digit of o?
5
What is the hundreds digit of (-31888)/40*-70 - -9?
8
Let o(x) = -1468*x**3 + 16*x**2 + 33*x - 1. What is the units digit of o(-3)?
0
Let b(x) = -59*x - 282*x + 13*x + 23*x - 11. What is the tens digit of b(-1)?
9
Let h(j) = 1 + 27*j + 1 - 26*j + 3*j**2. Let a be h(0). Suppose 3*w - 238 = -a*i, 4*w = 3*w - 3*i + 91. What is the tens digit of w?
7
What is the units digit of (-711198)/24*36/(-27)?
1
Let t = 39 - 75. Let b be 117/(-195)*(0 - 10). What is the tens digit of (-328)/b*t/24?
8
Let v be 530 - ((11 - 6) + 1). Let c = -286 + v. What is the units digit of c?
8
Suppose 799 - 807 = 4*o. What is the units digit of -3 + o/8 + (-7119)/(-12)?
0
Suppose -v = -5*g + 4, 8*g - 5*v = 6*g + 20. Suppose g = -561*c + 555*c + 1638. What is the hundreds digit of c?
2
Let f = 22 - -70. Suppose -6 = -10*v + 24. What is the tens digit of f - (9 - v - 4)?
9
Suppose -4*j - 7*j - 330 = 0. What is the tens digit of 243 - 1/(1 - j/(-25))?
4
Suppose 0*i = 2*i - 2*d + 22, -3*i - d = 17. Let j(x) be the third derivative of x**5/60 - 3*x**4/8 + 7*x**3/6 + 10*x**2. What is the tens digit of j(i)?
1
Suppose 3*z + 5*f = 61176, f = -4*z + 102329 - 20795. What is the thousands digit of z?
0
Suppose 6*n - 147 = 15. Suppose 4*x = s - n, -4*s - x + 18 = x. Suppose s*k + 87 - 444 = 0. What is the units digit of k?
1
Suppose -31*r - 368 = 3228. Let f = r + 276. What is the tens digit of f?
6
Let f(o) = o**3 + 5*o**2 - 6*o - 26. Let z be f(-5). Suppose 20*t = p + 19*t - 475, z*p - 1894 = t. What is the tens digit of p?
7
Let i = -30695 + 49920. What is the tens digit of i?
2
Suppose 43*u - 29*u - 87136 = 0. What is the thousands digit of u?
6
Suppose q - 19206 = 3*w, 0 = -8*q + 3*q - 3*w + 96102. What is the units digit of q?
8
Let q = 51456 - 29746. What is the thousands digit of q?
1
Let z(a) = 2*a + 44. Let q be z(-22). Suppose 4*g - 20 = q, -5*g = 4*f - 49 - 0. What is the units digit of 27 + 10*3/f?
2
Suppose 4*i = -2*k + 57404, k + 34*i - 39*i - 28709 = 0. What is the thousands digit of k?
8
Suppose 53612 + 89718 = 10*d. What is the thousands digit of d?
4
Let q = 8280 + -323. What is the thousands digit of q?
7
Suppose -62*m + 61*m = -2*q + 563, -5 = -5*q. Let g = m + 1289. What is the units digit of g?
8
Suppose -22*v + 21 = -7261. Suppose 0 = -2*r + 855 + v. What is the hundreds digit of r?
5
What is the units digit of 16/(-3)*5643/(-44) - -4?
8
Suppose -h = r - 7345, 7*r + 0*r + 3*h = 51407. What is the hundreds digit of r?
3
Suppose v + 4*q - 48 = -3*v, -5*v = -2*q - 32. Let l(t) = t**3 - 5*t**2 + 9*t - 32. What is the units digit of l(v)?
2
Let i = 35 + -104. Let h = i - -127. What is the units digit of h?
8
Let o(n) = n**3 + 10*n**2 + 10*n - 11. Let r be o(-8). Let j = 33 - r. What is the units digit of (18/j - -2)*-2?
5
Let q(c) be the third derivative of c**5/15 + 5*c**4/3 + 7*c**3 + 2*c**2 - 26. What is the hundreds digit of q(-16)?
4
Suppose 0 = 4*i - 3*r - 28323, 0 = 3*i + 5*r - 20730 - 476. What is the units digit of i?
7
Suppose -3*p - 63 = -7*c + 3*c, -3*p = 5*c + 63. Suppose 2 = 2*f, -12*h + 17*h + 2*f = 177. Let b = p + h. What is the tens digit of b?
1
Suppose 4*v - 4*w - 44 = 0, -2*v - 5*w + 17 = -6*w. Let p be (208/v)/((-13)/(-39)). Suppose 0*i = 2*n + i - 104, -2*n = 3*i - p. What is the units digit of n?
2
Let a = -159 + 683. Suppose -b - 2108 = -4*m, 0 = -3*m + 2*m + b + a. What is the tens